10, 3*i - 20 = -i - 4*j. Suppose -3*v + 2*l = -3 - 49, 0 = -4*v - i*l + 31. What are the prime factors of v?
2, 7
Let l = 7 - 2. Suppose -3*g + 7*g + 5*v = -3, -5*g = l*v. What are the prime factors of g?
3
Let f(g) = g**3 + 2*g**2 - 5*g - 3. Let s be f(-3). Suppose -q = -1 - s. Suppose q*j + 18 = 82. List the prime factors of j.
2
Let j = -228 + 338. List the prime factors of j.
2, 5, 11
Let n(h) = h**3 - 6*h**2 - 8*h + 10. Let a be n(7). Suppose -p + a = -37. List the prime factors of p.
2, 5
Let g = -6 - 1. Let v = 9 - g. List the prime factors of ((-7)/2)/((-8)/v).
7
Let w(g) = -9*g - 26. What are the prime factors of w(-8)?
2, 23
Suppose 16 = -w - 3*f, -4*w = 4*f - f + 37. Let t = w - -36. List the prime factors of t.
29
What are the prime factors of (-140)/(-42)*(1*32 + 1)?
2, 5, 11
Let f be (-4)/7*(-35)/10. Suppose f + 15 = u. List the prime factors of u.
17
Let l(y) = y - 7. Let w be l(-7). Let c be 1 + -3 - (w + -1). Suppose -3*q = 0, -3*q - 35 + c = -z. List the prime factors of z.
2, 11
Let k(p) = -2*p + 31. List the prime factors of k(14).
3
Let g = 36 - -18. Suppose -5*b = -j - g, 5*b - 59 = -4*j - 0*j. What are the prime factors of b?
11
Suppose -427 = 5*w + 3*q - 1197, 3*w - 3*q - 462 = 0. List the prime factors of w.
2, 7, 11
Let s = -3 - -3. Let g = s + 2. Suppose 4*q + a - 40 = g*a, -q + 15 = a. What are the prime factors of q?
11
Let k = 4 - 2. List the prime factors of (-945)/(-18)*k/3.
5, 7
Let m be 10/(39/(-15) - -3). List the prime factors of 1/(-2) - m/(-2).
2, 3
Let j(t) = -t + 1. Let w be j(1). Suppose w = z + z - 26. List the prime factors of z.
13
Let a be 27/12 + 4/(-16). Let d(l) = 13*l. What are the prime factors of d(a)?
2, 13
Suppose 8*g = 642 + 478. What are the prime factors of g?
2, 5, 7
Suppose 0 = -3*v + 7*v + 20. Let p = -14 - v. Let k = p + 17. List the prime factors of k.
2
Let h be 2/(((-6)/10)/(-3)). What are the prime factors of ((-14)/3)/(h/(-15))?
7
Let j be 1 - (-4 - -2) - 0. Suppose -j*l + 35 = -55. What are the prime factors of l?
2, 3, 5
Let o(p) = -13*p. Let m(h) = -2*h + 6. Let r be m(4). Let c be 3/r + 3/6. What are the prime factors of o(c)?
13
Let l(g) = -g**2 + 2*g + 33. List the prime factors of l(0).
3, 11
Let t = 83 + -47. Suppose 3 = -3*c + t. Suppose 2*n - x - 14 = -0*n, -4*x = n + c. List the prime factors of n.
5
Suppose -3*z + 1845 = 5*k, 6*z + 1845 = 5*k + z. What are the prime factors of k?
3, 41
Let f(w) = w**2 + 5*w - 8. Let i be f(-7). Suppose 84 = -2*a + i*a. What are the prime factors of a?
3, 7
Let q be 42/24 + 1/4. Suppose 2*n - 10 = -q. Suppose 19 - n = 5*j. List the prime factors of j.
3
Suppose 4*t + 4 = 48. List the prime factors of 5/15*t*3.
11
Let k be 4/20 + (-28)/(-10). What are the prime factors of (6 + -3)/(k/35)?
5, 7
Suppose -4*k - k + 590 = 0. What are the prime factors of k?
2, 59
Let m(x) = -x**3 + x**2 + 13. Suppose 0*s - 2*s = -3*d - 6, 5*d + 9 = 3*s. List the prime factors of m(d).
13
Let l(r) = -21*r - 34. What are the prime factors of l(-16)?
2, 151
Let n be (-2 - -2 - 1)*2. List the prime factors of (-1 - n)/(1/13).
13
List the prime factors of -10*3/(-120) - 995/(-4).
3, 83
Let c be (-7)/21*333*-1. Suppose -4*u = v - c, -3*u = 2*v + 28 - 105. List the prime factors of u.
29
Let o be 18/3 - (0 - 0). Let z(s) = s**3 - 6*s**2 + 6*s - 3. List the prime factors of z(o).
3, 11
Suppose 0*i - 2*i + 34 = 0. List the prime factors of i.
17
Let v(r) be the third derivative of -r**6/40 - r**4/24 - r**3/6 - 5*r**2. Suppose h + 2*h = -3. List the prime factors of v(h).
3
Suppose -l + 3 = l + t, 4*l - 26 = 2*t. Let b(s) = 5*s - 1. Let w(f) = 9*f - 1. Let g(h) = l*w(h) - 7*b(h). List the prime factors of g(4).
7
Let o(z) = -5*z - 50. What are the prime factors of o(-23)?
5, 13
Suppose 0 = -n - 2*a + 79, -2*n - a = -63 - 101. List the prime factors of n.
83
Let o be 1/(-3*(-1)/12). Suppose 3*n = o*s + 4, 2*n + 17 = n + 5*s. List the prime factors of n.
2
List the prime factors of 2*-1 + (-14 - -23).
7
Suppose -3*c + 5*p + 104 = -78, -4*c + 301 = 5*p. List the prime factors of c.
3, 23
Let f(j) be the first derivative of -j**3/3 + j**2/2 - 13*j + 1. Let d be f(0). Let c = -6 - d. What are the prime factors of c?
7
Suppose 2*q = 4*v + 134, -v + 10 = 5. What are the prime factors of q?
7, 11
List the prime factors of (-2 + (-8)/(-6))/((-8)/48).
2
List the prime factors of 194/22 + 0 + (-2)/(-11).
3
Suppose 5*q - 323 = 27. What are the prime factors of q?
2, 5, 7
Let c be ((-2)/1)/((-2)/19). Suppose b - p - 5 = -0*p, -2*p - c = -5*b. Suppose 28 + 5 = b*s. List the prime factors of s.
11
Let b be (3/(-2) - 1)*2. Let q = 0 - b. Suppose 0*v = -v + q. What are the prime factors of v?
5
Let s be 15/(0 - 3) - -3. Let n(u) = -4*u**3 + u**2 + 3*u + 2. List the prime factors of n(s).
2
Suppose -f + 48 = 2*f. Suppose -p = 1, f = z + p - 16. Suppose 3*r + 3 = z. What are the prime factors of r?
2, 5
Suppose 3*f + 0*s + 2*s - 427 = 0, 0 = -5*f + 4*s + 697. List the prime factors of f.
3, 47
Suppose 3*g + 4 = 5*s + 36, 5*s = -20. Let d be (4/(-3))/g*-12. What are the prime factors of (-5)/4*-1*d?
5
Suppose g + 4 = -3*k + 2*k, -g = 0. Let o = 22 + k. List the prime factors of o.
2, 3
Suppose -3*k = 3*g + 8 - 38, 2*k = 0. Suppose -5*m + 4*f - f = -5, 0 = 2*f + g. List the prime factors of 0 + 1 + m + 16.
3, 5
Suppose 3*s - 88 - 50 = 0. List the prime factors of s.
2, 23
Suppose c + 3 = -4. Let r = 14 + c. Suppose -3*g = -r - 5. What are the prime factors of g?
2
Let g(h) = -4*h**2 + 4*h + 3*h**2 + 8 - 15*h. List the prime factors of g(-11).
2
Suppose -62 = -f - 0*f. List the prime factors of f.
2, 31
Let r(z) = -z**3 + 6*z**2 + 10*z - 8. What are the prime factors of r(7)?
13
Suppose -17*b + 13*b + 232 = 0. List the prime factors of b.
2, 29
Let g(n) = -15*n**3 - n**2 - n - 1. List the prime factors of g(-1).
2, 7
Let s(x) = 27*x**2 + 2*x + 5. List the prime factors of s(-2).
109
Let r be (-2)/7 - (-86)/7. Let a = r - -1. List the prime factors of a.
13
Let a(t) = 8*t**2 + t + 1. Let k be a(-1). Suppose -5*c + 9 = -3*d, -2*d - 1 + k = c. Suppose -d = 2*w, 5*l - 2*w - 2*w = 34. List the prime factors of l.
2, 3
Let y(s) = s**3 - 11*s**2 + 13*s - 6. What are the prime factors of y(10)?
2, 3
Let m(j) = -3*j - 6. Let p be m(6). Let d = p - -43. What are the prime factors of d?
19
Let g = -2 + 4. Let v = g + -6. List the prime factors of (1 - v) + (0 - 2).
3
Suppose 0 = -q + 10. Let o = q - 7. What are the prime factors of o?
3
Let v = -22 + 20. What are the prime factors of -2 - -94*(-1)/v?
3, 5
Let u be 0 - (-1 + 1)/3. Suppose u = q + q. Suppose -2*p + q*p + 6 = 0. What are the prime factors of p?
3
Let p be (-107)/(-7) - (-8)/(-28). Suppose 3*b - p = 2*b. What are the prime factors of b?
3, 5
Let p(s) = -s**3 + 11*s**2 + s - 9. Let t be p(11). List the prime factors of t/((-52)/(-16) - 3).
2
Suppose 0 = -0*u - u + 9. Let w = 12 - u. List the prime factors of w.
3
Let x(b) = -2*b**2 - b + 44. List the prime factors of x(0).
2, 11
Let m = -9 - -9. Suppose 0*g - 4*g + 8 = m. What are the prime factors of g?
2
List the prime factors of 8/(-6) + 38/6.
5
Let z = -5 + 9. Suppose -z*s - 20 = 0, k + 0*s - 5*s - 33 = 0. Let b = k + 3. What are the prime factors of b?
11
Let x(g) = g**3 + 4*g**2 - 14*g - 10. What are the prime factors of x(-6)?
2
Let k(j) = 2*j**3 + 3*j**2 - 5*j - 2. Let f be k(-3). Let p = f - -30. Suppose -q - 5 + p = 0. List the prime factors of q.
11
Suppose 0 = 18*r - 665 - 3583. What are the prime factors of r?
2, 59
Let k(x) = 5*x - 1. Suppose -4*a - 5 = -13. Let l be k(a). What are the prime factors of (-33)/(1/((-6)/l))?
2, 11
List the prime factors of (-70)/(-22) + 6/(-33).
3
Suppose -3*v + g + 4*g = -458, 151 = v - 2*g. What are the prime factors of v?
7, 23
Let q = -9 + 15. List the prime factors of q/(-3) + 21/3.
5
What are the prime factors of 5/7 - 1 - 2148/(-21)?
2, 3, 17
Let r = 69 + -40. What are the prime factors of r?
29
Let d = 10 - 4. Suppose 0 = 3*w - 0 - d. Suppose -w*r = 4*g - 22, r - 5 = -4*g - g. What are the prime factors of r?
3, 5
Let n(x) = -2*x + 0*x - 5 + 4 + x. List the prime factors of n(-4).
3
Suppose -5*f + 4 = -11. Suppose 2*y = -f*a + 9, 5*y + a + 2*a - 9 = 0. Suppose -100 = -5*q - 2*o, -3*q + 2*o = -y*q - 76. What are the prime factors o